.
-41
Let d(n) = -1265*n**2 - 17704*n + 44. Determine d(-14).
-40
Let x(m) = 12*m**2 - 272*m + 378. What is x(22)?
202
Let v(k) = 4*k**2 - 1809*k - 21753. Give v(-12).
531
Let j(x) = x**3 - 9*x**2 - 97*x + 945. Calculate j(11).
120
Let u(g) = -119806*g + 1078256. Calculate u(9).
2
Let q(r) = r**3 + 29*r**2 - 84*r - 1994. What is q(-20)?
3286
Let q(u) = 5278*u - 327288. Calculate q(62).
-52
Let m(y) = 202*y - 4857. Calculate m(23).
-211
Let f(v) = -93*v**2 + 281*v + 315. Give f(-1).
-59
Let y(z) = z**3 - 99*z**2 - 208*z - 231. Give y(101).
-837
Let u(b) = -b**3 + 71*b**2 + 1675*b - 51. Determine u(-17).
-3094
Let x(h) = -3*h**3 + 18*h**2 - 64*h + 113. Give x(8).
-783
Let p(x) = -8*x**3 - 11*x**2 + 665*x - 223. Determine p(-10).
27
Let t(m) = -m**2 - 1343*m - 31671. Give t(-24).
-15
Let y(r) = -68*r**2 - 14824*r - 20. Give y(-218).
-20
Let x(i) = 39357*i - 354145. Calculate x(9).
68
Let k(w) = -2*w**2 - 492*w - 5779. Calculate k(-12).
-163
Let s(n) = -7*n**3 - 181*n**2 + 1397*n + 667. What is s(-32)?
-5
Let u(i) = -52*i + 4616. Calculate u(104).
-792
Let w(h) = 2960*h - 79103. Give w(26).
-2143
Let k(a) = -a**3 - 37*a**2 + 1091*a + 40577. Give k(-36).
5
Let b(o) = o**3 - 48*o**2 + 330*o + 201. Give b(39).
-618
Let f(g) = -4432*g + 1755055. What is f(396)?
-17
Let s(y) = y**2 + 540*y - 4475. What is s(8)?
-91
Let s(m) = 29543*m + 206807. Determine s(-7).
6
Let o(w) = -145*w**2 + 69890*w - 5. Determine o(482).
-5
Let h(p) = 62*p**3 - 16*p**2 + 9*p - 1. Determine h(2).
449
Let i(y) = -y**3 - 194*y**2 - 3707*y + 63415. What is i(-170)?
5
Let h(u) = 25581*u - 101800. What is h(4)?
524
Let z(q) = 6*q**3 - 481*q**2 - 2542*q. Give z(-5).
-65
Let f(s) = -1287942*s + 64397103. Give f(50).
3
Let y(l) = 25277*l + 556102. What is y(-22)?
8
Let h(y) = -y**3 + 133*y**2 - 923*y + 20486. Calculate h(127).
39
Let v(r) = -4*r**2 + 14334*r - 85915. Determine v(6).
-55
Let s(y) = 4283*y + 595295. Give s(-139).
-42
Let g(y) = 3*y**3 + 65*y**2 + 170*y + 133. What is g(-19)?
-209
Let c(n) = 3*n**3 + 1313*n**2 - 19435*n + 465. Determine c(-452).
13
Let l(t) = -93*t**2 + 152*t + 539. Calculate l(-4).
-1557
Let r(g) = g**3 + 39*g**2 + 382*g - 13879. Determine r(13).
-125
Let w(i) = -i**3 + 79*i**2 + 62*i + 1293. What is w(80)?
-147
Let m(b) = -180*b + 23130. Determine m(128).
90
Let y(l) = -611*l - 14396. Give y(-23).
-343
Let c(j) = -50806*j - 45166527. Give c(-889).
7
Let o(j) = -2*j**2 + j + 3490. What is o(-40)?
250
Let l(n) = -10392*n - 155885. Calculate l(-15).
-5
Let k(o) = 34*o**2 + 457*o - 2062. Determine k(-17).
-5
Let y(s) = -81*s**2 + 489*s - 23. What is y(8)?
-1295
Let u(a) = -a**3 + a**2 + 2440*a + 1. Give u(0).
1
Let t(s) = 2*s**2 - 944*s + 9518. Calculate t(10).
278
Let h(v) = -16759*v - 234583. What is h(-14)?
43
Let b(a) = -a**2 - 4295*a - 59927. What is b(-14)?
7
Let t(r) = 105174*r - 630880. What is t(6)?
164
Let j(z) = 960*z - 117970. Determine j(123).
110
Let n(z) = -z**3 + 152*z**2 + 633*z - 26. Calculate n(-4).
-62
Let o(b) = -2*b**3 - 36*b**2 - 184*b - 176. What is o(-8)?
16
Let s(u) = -114*u + 5444. What is s(37)?
1226
Let l(y) = -37*y**2 - 785*y + 628. Give l(-22).
-10
Let b(x) = -4*x**2 - 36*x + 117. Give b(4).
-91
Let k(z) = z**3 + 44*z**2 - 235*z - 1168. Calculate k(-49).
-1658
Let k(j) = -699*j - 13880. Determine k(-20).
100
Let q(p) = -p**2 + 11906*p + 143029. What is q(-12)?
13
Let i(w) = -w**3 + 182*w**2 + 271*w + 17982. Calculate i(184).
134
Let k(h) = -6*h**3 + 59*h**2 + 1574*h + 11. Calculate k(-12).
-13
Let o(n) = 18*n**3 - 993*n**2 + 173*n + 182. What is o(55)?
622
Let o(y) = y**3 + 80*y**2 - 887*y - 226. Calculate o(-90).
-1396
Let m(c) = 2*c**2 - 189*c - 15862. Calculate m(148).
-26
Let f(n) = -2*n**3 + 49*n**2 + 136*n - 3803. Give f(24).
37
Let j(z) = 89477*z - 1163336. Give j(13).
-135
Let j(v) = -v**2 - 507*v + 55783. Give j(93).
-17
Let r(n) = -114*n + 32. Determine r(-12).
1400
Let j(t) = -t**3 - 11*t**2 + 71*t - 97. Give j(2).
-7
Let q(c) = 7*c**3 + 126*c**2 - 146*c - 212. Calculate q(-19).
35
Let l(a) = 790*a - 7972. Give l(11).
718
Let j(y) = -268558*y + 1879891. Calculate j(7).
-15
Let l(o) = -o**3 + 71*o**2 + 81*o - 726. Calculate l(72).
-78
Let y(h) = -3*h**2 - 5036*h + 40355. Calculate y(8).
-125
Let d(w) = 3719*w - 6933. Calculate d(2).
505
Let k(b) = 195*b**2 - 181*b - 555. Calculate k(-3).
1743
Let m(c) = 808*c**2 + 64680*c + 3206. What is m(-80)?
6
Let m(r) = 4*r**3 - 1479*r**2 + 2570*r + 2252. Give m(368).
44
Let z(b) = -3*b**3 - 532*b**2 - 32*b + 25668. Determine z(-177).
3
Let g(h) = -1482*h - 426838. Calculate g(-288).
-22
Let n(a) = 44*a**3 - 10*a**2 - 34*a - 20. Calculate n(-1).
-40
Let a(i) = -409782*i - 6556517. Determine a(-16).
-5
Let w(k) = 5852*k - 111122. Give w(19).
66
Let f(x) = -148*x**3 + 3985*x**2 + 300*x - 74. Determine f(27).
7
Let b(o) = 2*o**3 + 50*o**2 + 205*o - 81. What is b(-22)?
-1687
Let d(p) = -p**3 + 238*p**2 - 8229*p - 30419. Give d(195).
1
Let u(y) = 758*y - 95974. Calculate u(126).
-466
Let i(b) = 2*b**2 - 169*b - 133. Calculate i(85).
-48
Let r(l) = -8*l**3 - 133*l**2 + 2897*l + 747. What is r(-29)?
-7
Let l(n) = -42541*n - 212877. Calculate l(-5).
-172
Let p(m) = 6962*m - 118360. Determine p(17).
-6
Let i(y) = 50*y**2 + 16907*y + 16864. Give i(-1).
7
Let n(r) = 5*r**3 + 51*r**2 + 86*r + 164. Determine n(-8).
180
Let w(m) = 213*m - 80836. Calculate w(381).
317
Let k(s) = -2*s**2 - 131*s - 991. Give k(-57).
-22
Let i(h) = 243*h - 60452. Give i(246).
-674
Let k(v) = -2437*v + 33915. Determine k(14).
-203
Let g(t) = -t**2 + 620*t + 239903. Give g(-270).
-397
Let v(q) = -192427*q + 1346976. What is v(7)?
-13
Let b(i) = -441*i - 2582. Give b(-9).
1387
Let a(d) = d**3 + 108*d**2 - 845*d - 131160. What is a(-104)?
-16
Let l(d) = 5*d**3 - 12*d**2 - 284*d - 629. Give l(-4).
-5
Let n(z) = -12*z**2 - 443*z - 120. Determine n(-37).
-157
Let g(o) = 76972*o + 461835. Determine g(-6).
3
Let t(w) = -9*w**3 - 785*w**2 - 146*w + 2452. Calculate t(-87).
16
Let t(k) = 8*k**2 - 132*k + 1597. What is t(11)?
1113
Let m(s) = -105853*s - 3069748. Determine m(-29).
-11
Let n(u) = 1282*u - 26953. Determine n(21).
-31
Let w(a) = -a**3 + 28*a**2 + 1328*a - 4290. Determine w(52).
-130
Let k(o) = -o**3 + 29*o**2 - 308*o + 45. Calculate k(10).
-1135
Let y(c) = 10*c**2 - 272*c + 64. Determine y(26).
-248
Let w(u) = u**3 - 333*u**2 + 2174*u - 175136. Calculate w(328).
16
Let l(y) = -57*y**2 + 1171*y + 4719. Calculate l(24).
-9
Let g(b) = -4011*b - 4214. What is g(-1)?
-203
Let x(h) = -1206*h + 10855. Determine x(9).
1
Let z(j) = -86*j**2 + 4708*j + 1213. Determine z(55).
3
Let u(z) = 3*z**3 + 4814*z**2 - 1551*z + 86667. Determine u(-1605).
-3
Let g(l) = -48736*l - 29095395. What is g(-597)?
-3
Let c(q) = -6*q**3 - 127*q**2 + 249*q - 70. What is c(-23)?
22
Let u(v) = -54434*v - 108577. Calculate u(-2).
291
Let v(s) = -971*s - 24812. Calculate v(-26).
434
Let y(r) = -2728*r**3 + 7*r**2 + 402*r - 409. Give y(1).
-2728
Let t(b) = b**3 - 2*b**2 - 558*b - 1598. Give t(-3).
31
Let k(d) = -44*d**2 + 6035*d - 959. What is k(137)?
0
Let r(m) = -217*m**2 - 1253*m - 505. Give r(-5).
335
Let h(t) = -t**3 + 102*t**2 - 1168*t + 7907. Calculate h(90).
-13
Let w(p) = 7049*p - 35169. Give w(5).
76
Let g(t) = 10*t**2 - 1180*t + 246. Calculate g(118).
246
Let j(h) = -h**3 - 148*h**2 + 327*h + 48306. What is j(-148)?
-90
Let k(i) = i**3 - 57*i**2 - 170*i + 68. Give k(60).
668
Let o(f) = 367*f + 1268. Give o(-3).
167
Let u(y) = y**2 - 20609*y + 185361. Determine u(9).
-39
Let k(x) = 1041*x + 27864. Calculate k(-24).
2880
Let h(j) = j**2 + 53158*j - 318988. Give h(6).
-4
Let y(a) = -7*a**2 - 809*a + 3968. Give y(5).
-252
Let m(i) = i**2 - 541*i + 30058. What is m(63)?
-56
Let n(k) = k**3 - 158*k**2 - 20*k + 3214. Give n(158).
54
Let p(j) = j**3 - 21*j**2 + 7*j + 313. Determine p(12).
-899
Let z(i) = -4*i**2 - 731*i + 86754. Determine z(82).
-84
Let f(v) = -3*v**2 - 573*v - 23835. Give f(-60).
-255
Let c(k) = -2029*k + 83068. Determine c(41).
-121
Let f(q) = -45871*q + 45862. What is f(1)?
-9
Let p(q) = 310193*q + 65. Give p(0).
65
Let r(g) = -g**2 - 9037*g - 716510. What is r(-80)?
50
Let s(d) = -d**3 + 193*d**2 - 7324*d - 342. Determine s(52).
74
Let y(a) = -a**2 - 90633*a - 3985922. Give y(-44).
-6
Let z(k) = k**3 - 311*k**2 + 1108*